{"id":3,"date":"2021-02-17T19:31:26","date_gmt":"2021-02-17T19:31:26","guid":{"rendered":"https:\/\/40x.sedel.ch\/?page_id=3"},"modified":"2021-04-05T12:09:18","modified_gmt":"2021-04-05T12:09:18","slug":"40xinfos","status":"publish","type":"page","link":"https:\/\/40x.sedel.ch\/index.php\/40xinfos\/","title":{"rendered":"40xInfos"},"content":{"rendered":"\t\t<div data-elementor-type=\"wp-page\" data-elementor-id=\"3\" class=\"elementor elementor-3\" data-elementor-settings=\"[]\">\n\t\t\t\t\t\t\t<div class=\"elementor-section-wrap\">\n\t\t\t\t\t\t\t<section class=\"elementor-section elementor-top-section elementor-element elementor-element-5206d202 elementor-section-boxed elementor-section-height-default elementor-section-height-default\" data-id=\"5206d202\" data-element_type=\"section\" data-settings=\"{&quot;background_background&quot;:&quot;classic&quot;}\">\n\t\t\t\t\t\t<div class=\"elementor-container elementor-column-gap-default\">\n\t\t\t\t\t<div class=\"elementor-column elementor-col-33 elementor-top-column elementor-element elementor-element-607ff20\" data-id=\"607ff20\" data-element_type=\"column\">\n\t\t\t<div class=\"elementor-widget-wrap elementor-element-populated\">\n\t\t\t\t\t\t\t\t<div class=\"elementor-element elementor-element-e3221ab elementor-invisible elementor-widget elementor-widget-image\" data-id=\"e3221ab\" data-element_type=\"widget\" data-settings=\"{&quot;_animation&quot;:&quot;lightSpeedIn&quot;}\" data-widget_type=\"image.default\">\n\t\t\t\t<div class=\"elementor-widget-container\">\n\t\t\t\t\t\t\t\t\t\t\t\t\t\t\t<img width=\"145\" height=\"246\" src=\"https:\/\/40x.sedel.ch\/wp-content\/uploads\/2021\/03\/40xlogo.png\" class=\"attachment-2048x2048 size-2048x2048\" alt=\"\" loading=\"lazy\" \/>\t\t\t\t\t\t\t\t\t\t\t\t\t\t\t<\/div>\n\t\t\t\t<\/div>\n\t\t\t\t\t<\/div>\n\t\t<\/div>\n\t\t\t\t<div class=\"elementor-column elementor-col-66 elementor-top-column elementor-element elementor-element-7977b912\" data-id=\"7977b912\" data-element_type=\"column\" data-settings=\"{&quot;background_background&quot;:&quot;classic&quot;}\">\n\t\t\t<div class=\"elementor-widget-wrap elementor-element-populated\">\n\t\t\t\t\t\t\t\t<div class=\"elementor-element elementor-element-8588bef elementor-widget elementor-widget-heading\" data-id=\"8588bef\" data-element_type=\"widget\" data-widget_type=\"heading.default\">\n\t\t\t\t<div class=\"elementor-widget-container\">\n\t\t\t<h2 class=\"elementor-heading-title elementor-size-default\"><div data-elementor-type=\"wp-page\" data-elementor-id=\"3\" data-elementor-title=\"Seite\"><div><section data-id=\"5206d202\" data-element_type=\"section\" data-model-cid=\"c27\"><div><div data-id=\"7977b912\" data-element_type=\"column\" data-col=\"66\" data-model-cid=\"c34\"><div><div data-id=\"3cd5b9af\" data-element_type=\"widget\" data-model-cid=\"c35\" data-widget_type=\"text-editor.default\"><div><div data-elementor-setting-key=\"editor\" data-elementor-inline-editing-toolbar=\"advanced\" data-pen-placeholder=\"Eingabe hier...\" contenteditable=\"true\"><p><b>#40XSEDEL \u2013 das Jubil\u00e4um<\/b><\/p><\/div><\/div><\/div><\/div><\/div><\/div><\/section><\/div><\/div><\/h2>\t\t<\/div>\n\t\t\t\t<\/div>\n\t\t\t\t<div class=\"elementor-element elementor-element-3cd5b9af elementor-widget elementor-widget-text-editor\" data-id=\"3cd5b9af\" data-element_type=\"widget\" data-widget_type=\"text-editor.default\">\n\t\t\t\t<div class=\"elementor-widget-container\">\n\t\t\t\t\t\t\t<p><span style=\"color: #ffffff;\"><strong>1981 &#8211; 2021<\/strong><\/span><\/p><p><span style=\"color: #ffffff;\"><strong>40 Jahre ILM Sedel; schon l\u00e4ngst Erwachsen, im Herzen noch jung \u2013 verspielt, neugierig und experimentierfreudig. Eine konfliktreiche aber sch\u00f6ne Kindheit. Eine wilde Jugend, enthusiastisch, aufrichtig und weltoffen. Ein generationen\u00fcbergreifender Thinktank der Kreativit\u00e4t. Realistisch auf dem Boden der Tatsachen, utopisch im Potpourri der M\u00f6glichkeiten. Sowohl Underdog als auch Mutterschiff. Das Musik- und Atelierzentrum auf der Anh\u00f6he beim Rotsee. Eine unendliche Geschichte.<\/strong><\/span><\/p><p><span style=\"color: #ffffff;\"><strong>Anfangs der 1980er Jahre glich die Schweiz einem subkulturell ausgetrockneten Brachland. Die Jugendbewegungen fristeten ein Dasein in den Gassen und Kellern der St\u00e4dte. Jeglicher Abweichung der Norm wurde vom b\u00fcrgerlichen Establishment noch immer die Relevanz aberkannt, auch \u00fcber ein Jahrzehnt nach den Jugendunruhen in den 1968ern. Diese Haltung sollte sich noch als Bumerang erweisen. In mehreren Schweizer St\u00e4dten flammten Jugendproteste auf, so zum Beispiel in Z\u00fcrich \u2013 AJZ subito, Z\u00fcri br\u00e4nnt.<\/strong><\/span><\/p><p><span style=\"color: #ffffff;\"><strong>Vor diesem Hintergrund muss das pl\u00f6tzliche Einlenken der Stadtregierung Luzerns gesehen werden, welche kurz vor einer angek\u00fcndigten Demonstration f\u00fcr kulturelle Freir\u00e4ume und Prober\u00e4ume, der Nutzung der ehemaligen Strafanstalt Sedel als Musikzentrum eine Zusage erteilten. Diesem Entscheid sind monatelange zun\u00e4chst unfruchtbare Verhandlungen vorausgegangen. Der Druck kam nicht von ungef\u00e4hr. Anfangs 1980 fielen ein Dutzend Prober\u00e4ume eines Lagerhauses auf der Allmend einem Brand zum Opfer, die Bands standen alternativlos auf der Strasse. Zudem begann sich die Luzerner Punk-Szene zu organisieren und kulturelle Freir\u00e4ume zu fordern, weg von der Stra\u00dfe, rein in den Club.<\/strong><\/span><\/p><p><span style=\"color: #ffffff;\"><strong>Am 15. April 1981 war es dann soweit, dem neu gegr\u00fcndeten Verein ILM Sedel, der Interessengemeinschaft Luzerner Musiker*innen, wurden die Schl\u00fcssel f\u00fcr eine vielversprechende Zukunft \u00fcberreicht.<\/strong><\/span><\/p><p><span style=\"color: #ffffff;\"><strong>Heute z\u00e4hlt der Verein gegen 400 Mitglieder, welche in den 55 Prober\u00e4umen und Ateliers an rund 100 Musik- und Kunstprojekten arbeiten. Jahrzehnte mit Mehrfachbelegung und Wartelisten. In seiner Dimension wohl weltweit einzigartig.<\/strong><\/span><\/p><p><span style=\"color: #ffffff;\"><strong>Auf politischer Ebene und in gesellschaftlichen Zusammenh\u00e4ngen vertritt der Vorstand der ILM ehrenamtlich die Interessen der Mitglieder. Die mit aktuell auf 180 Stellenprozente dotierte Betriebsgruppe wiederum verwaltet die Prober\u00e4ume und Ateliers und organisiert j\u00e4hrlich rund 120 Fremd- und Eigenveranstaltungen im hauseigenen Club mit einer Kapazit\u00e4t von 250 Besucher*innen.<\/strong><\/span><\/p><p><span style=\"color: #ffffff;\"><strong>Der Schwerpunkt der Veranstaltungen bilden dabei nebst Partys vor allem Livekonzerte im Bereich Punk, Rock, Metal, Electronica, IDM, Independent, Hip-Hop, Reggae, SKA und experimentelle zeitgen\u00f6ssische Musik. Der Sedel als Club hat sich \u00fcber die Jahrzehnte national, wie auch international in der Musikszene einen unverf\u00e4nglichen und authentischen Ruf erarbeitet.<\/strong><\/span><\/p><p><span style=\"color: #ffffff;\"><strong>#40XSEDEL,das 40j\u00e4hrige Jubil\u00e4um! In gewohnter Manier wird dieser bemerkenswerte Moment mit einem kr\u00e4ftigen Hieb in die Magengrube des Mainstreams zelebriert, auf dass in den entstandenen Rissen die Subkultur den Weg in die letzten Winkel des bewussten Daseins findet &#8211; im Club, in der Stadt, im ganzen Land. So der Plan, dann kam das Virus.<\/strong><\/span><\/p><p><span style=\"color: #ffffff;\"><strong>Die Organisator*innen von #40XSEDEL haben sich anfangs 2021 nach monatelangen Vorbereitungen schweren Herzens entschieden, die geplanten Publikumsveranstaltungen um ein Jahr zu verschieben. Alles andere w\u00e4re ein vom Zwangsoptimismus gekr\u00f6ntes Trauerspiel und gegen\u00fcber den G\u00e4sten, des Personals und den K\u00fcnstler*innen nicht vertretbar. Doch genug des Jammerns, aus der Not wird eine Tugend.<\/strong><\/span><\/p><p><span style=\"color: #ffffff;\"><strong>2021 geht online: Potpourri &#8211; der Sedel Podcast, R\u00fcckblicke, Hintergr\u00fcnde und Aussichten mit den Macher*innen von 40 Jahren Sedelgeschichte. Ein Jahr lang monatlich eine neue Folge geschm\u00fcckt mit einer geh\u00f6rigen Portion Gossip. Weiter werden Livestream Konzerte und im Rahmen der M\u00f6glichkeiten durchgef\u00fchrte kleinere Anl\u00e4sse entw\u00f6hnte Kulturinteressierte durch das Jahr 2021 tragen.<\/strong><\/span><\/p><p><span style=\"color: #ffffff;\"><strong>2022, so viel sei hier verraten, wird das kulturelle Verst\u00e4ndnis des Sedels wieder mit Pauken und Trompeten in die Stadt und ins ganze Land hinausgetragen. Das Veranstaltungsbudget wird kr\u00e4ftig aufgestockt, auf dass es im Club das ganze Jahr \u00fcber musikalische Perlen regnen l\u00e4sst. Eine Sonderausgabe der legend\u00e4ren \u201eDie Zelle rockt\u201c &#8211; Reihe, gefolgt von \u201eBack on the Streets\u201c <i>(Arbeitstitel, Anm. Red.)<\/i>, der 1. Sedel Parade auf den Stra\u00dfen der Stadt, \u201eJailhouse on the rocks\u201c <i>(Arbeitstitel, Anm. Red.)<\/i> @ Sch\u00fc\u00fcr, der \u201eJailbreak Touren\u201c mit Sedelbands in den Clubs in der ganzen Schweiz und Kunstausstellungen aus 40 Jahren kreativen Schaffens. Sedel goes crazy!<\/strong><\/span><\/p>\t\t\t\t\t\t<\/div>\n\t\t\t\t<\/div>\n\t\t\t\t\t<\/div>\n\t\t<\/div>\n\t\t\t\t\t\t\t<\/div>\n\t\t<\/section>\n\t\t\t\t<section class=\"elementor-section elementor-top-section elementor-element elementor-element-9892bb9 elementor-section-boxed elementor-section-height-default elementor-section-height-default\" data-id=\"9892bb9\" data-element_type=\"section\">\n\t\t\t\t\t\t<div class=\"elementor-container elementor-column-gap-default\">\n\t\t\t\t\t<div class=\"elementor-column elementor-col-100 elementor-top-column elementor-element elementor-element-b8ee615\" data-id=\"b8ee615\" data-element_type=\"column\">\n\t\t\t<div class=\"elementor-widget-wrap elementor-element-populated\">\n\t\t\t\t\t\t\t\t<section class=\"elementor-section elementor-inner-section elementor-element elementor-element-2d2945a elementor-section-boxed elementor-section-height-default elementor-section-height-default\" data-id=\"2d2945a\" data-element_type=\"section\">\n\t\t\t\t\t\t<div class=\"elementor-container elementor-column-gap-default\">\n\t\t\t\t\t<div class=\"elementor-column elementor-col-20 elementor-inner-column elementor-element elementor-element-2b51161\" data-id=\"2b51161\" data-element_type=\"column\">\n\t\t\t<div class=\"elementor-widget-wrap\">\n\t\t\t\t\t\t\t\t\t<\/div>\n\t\t<\/div>\n\t\t\t\t<div class=\"elementor-column elementor-col-20 elementor-inner-column elementor-element elementor-element-a570afc\" data-id=\"a570afc\" data-element_type=\"column\">\n\t\t\t<div class=\"elementor-widget-wrap\">\n\t\t\t\t\t\t\t\t\t<\/div>\n\t\t<\/div>\n\t\t\t\t<div class=\"elementor-column elementor-col-20 elementor-inner-column elementor-element elementor-element-6391b5b\" data-id=\"6391b5b\" data-element_type=\"column\">\n\t\t\t<div class=\"elementor-widget-wrap\">\n\t\t\t\t\t\t\t\t\t<\/div>\n\t\t<\/div>\n\t\t\t\t<div class=\"elementor-column elementor-col-20 elementor-inner-column elementor-element elementor-element-a4f96be\" data-id=\"a4f96be\" data-element_type=\"column\">\n\t\t\t<div class=\"elementor-widget-wrap elementor-element-populated\">\n\t\t\t\t\t\t\t\t<div class=\"elementor-element elementor-element-1dee49c elementor-position-top elementor-vertical-align-top elementor-widget elementor-widget-image-box\" data-id=\"1dee49c\" data-element_type=\"widget\" data-widget_type=\"image-box.default\">\n\t\t\t\t<div class=\"elementor-widget-container\">\n\t\t\t<div class=\"elementor-image-box-wrapper\"><figure class=\"elementor-image-box-img\"><a href=\"https:\/\/40x.sedel.ch\/index.php\/agenda\"><img src=\"https:\/\/40x.sedel.ch\/wp-content\/uploads\/elementor\/thumbs\/cropped-image002-scaled-pouwmzwbxvtlmxfuwc8rzvx9d1l713wsn6ktfd1k0k.jpg\" title=\"cropped-image002.jpg\" alt=\"cropped-image002.jpg\" class=\"elementor-animation-pulse\" \/><\/a><\/figure><div class=\"elementor-image-box-content\"><h3 class=\"elementor-image-box-title\"><a href=\"https:\/\/40x.sedel.ch\/index.php\/agenda\">Agenda<\/a><\/h3><p class=\"elementor-image-box-description\">Alle Anl\u00e4sse<\/p><\/div><\/div>\t\t<\/div>\n\t\t\t\t<\/div>\n\t\t\t\t\t<\/div>\n\t\t<\/div>\n\t\t\t\t<div class=\"elementor-column elementor-col-20 elementor-inner-column elementor-element elementor-element-7dd21c3\" data-id=\"7dd21c3\" data-element_type=\"column\">\n\t\t\t<div class=\"elementor-widget-wrap elementor-element-populated\">\n\t\t\t\t\t\t\t\t<div class=\"elementor-element elementor-element-7480253 elementor-position-top elementor-vertical-align-top elementor-widget elementor-widget-image-box\" data-id=\"7480253\" data-element_type=\"widget\" data-widget_type=\"image-box.default\">\n\t\t\t\t<div class=\"elementor-widget-container\">\n\t\t\t<div class=\"elementor-image-box-wrapper\"><figure class=\"elementor-image-box-img\"><a href=\"https:\/\/40x.sedel.ch\/index.php\/potpourri-der-sedel-podcast\/\"><img src=\"https:\/\/40x.sedel.ch\/wp-content\/uploads\/elementor\/thumbs\/podcast3-pouwmh3k573v6q75y448m0o1hc5ur5u5wlj3tttfh0.png\" title=\"podcast3\" alt=\"podcast3\" class=\"elementor-animation-pulse\" \/><\/a><\/figure><div class=\"elementor-image-box-content\"><h3 class=\"elementor-image-box-title\"><a href=\"https:\/\/40x.sedel.ch\/index.php\/potpourri-der-sedel-podcast\/\">Potpourri<\/a><\/h3><p class=\"elementor-image-box-description\">Der Sedel Podcast<\/p><\/div><\/div>\t\t<\/div>\n\t\t\t\t<\/div>\n\t\t\t\t\t<\/div>\n\t\t<\/div>\n\t\t\t\t\t\t\t<\/div>\n\t\t<\/section>\n\t\t\t\t<section class=\"elementor-section elementor-inner-section elementor-element elementor-element-10bc0d1 elementor-section-boxed elementor-section-height-default elementor-section-height-default\" data-id=\"10bc0d1\" data-element_type=\"section\">\n\t\t\t\t\t\t<div class=\"elementor-container elementor-column-gap-default\">\n\t\t\t\t\t<div class=\"elementor-column elementor-col-20 elementor-inner-column elementor-element elementor-element-02d8dd2\" data-id=\"02d8dd2\" data-element_type=\"column\">\n\t\t\t<div class=\"elementor-widget-wrap elementor-element-populated\">\n\t\t\t\t\t\t\t\t<div class=\"elementor-element elementor-element-6954a2c elementor-position-top elementor-vertical-align-top elementor-widget elementor-widget-image-box\" data-id=\"6954a2c\" data-element_type=\"widget\" data-widget_type=\"image-box.default\">\n\t\t\t\t<div class=\"elementor-widget-container\">\n\t\t\t<div class=\"elementor-image-box-wrapper\"><figure class=\"elementor-image-box-img\"><a href=\"https:\/\/40x.sedel.ch\/index.php\/jailbreak-tour\/\"><img src=\"https:\/\/40x.sedel.ch\/wp-content\/uploads\/elementor\/thumbs\/Tourdesedel40xsedel-pouwmg5pyd2kv48j3lpm1iwkvyahjgqfkgvmcjutn8.jpg\" title=\"Tourdesedel40xsedel\" alt=\"Tourdesedel40xsedel\" class=\"elementor-animation-pulse\" \/><\/a><\/figure><div class=\"elementor-image-box-content\"><h3 class=\"elementor-image-box-title\"><a href=\"https:\/\/40x.sedel.ch\/index.php\/jailbreak-tour\/\">Jailbreak Tour<\/a><\/h3><p class=\"elementor-image-box-description\">Die Sedelbands Schweizertournee<\/p><\/div><\/div>\t\t<\/div>\n\t\t\t\t<\/div>\n\t\t\t\t\t<\/div>\n\t\t<\/div>\n\t\t\t\t<div class=\"elementor-column elementor-col-20 elementor-inner-column elementor-element elementor-element-063f8fb\" data-id=\"063f8fb\" data-element_type=\"column\">\n\t\t\t<div class=\"elementor-widget-wrap elementor-element-populated\">\n\t\t\t\t\t\t\t\t<div class=\"elementor-element elementor-element-3446319 elementor-position-top elementor-vertical-align-top elementor-widget elementor-widget-image-box\" data-id=\"3446319\" data-element_type=\"widget\" data-widget_type=\"image-box.default\">\n\t\t\t\t<div class=\"elementor-widget-container\">\n\t\t\t<div class=\"elementor-image-box-wrapper\"><figure class=\"elementor-image-box-img\"><a href=\"https:\/\/40x.sedel.ch\/index.php\/prettyvacant\"><img src=\"https:\/\/40x.sedel.ch\/wp-content\/uploads\/elementor\/thumbs\/Pretty-Vacant-3-color-pouwmh3k573v6q75y448m0o1hc5ur5u5wlj3tttfh0.jpg\" title=\"Pretty-Vacant-3-color\" alt=\"Pretty-Vacant-3-color\" class=\"elementor-animation-pulse\" \/><\/a><\/figure><div class=\"elementor-image-box-content\"><h3 class=\"elementor-image-box-title\"><a href=\"https:\/\/40x.sedel.ch\/index.php\/prettyvacant\">Pretty Vacant<\/a><\/h3><p class=\"elementor-image-box-description\">40 Jahre PunkRock<\/p><\/div><\/div>\t\t<\/div>\n\t\t\t\t<\/div>\n\t\t\t\t\t<\/div>\n\t\t<\/div>\n\t\t\t\t<div class=\"elementor-column elementor-col-20 elementor-inner-column elementor-element elementor-element-5b10d41\" data-id=\"5b10d41\" data-element_type=\"column\">\n\t\t\t<div class=\"elementor-widget-wrap elementor-element-populated\">\n\t\t\t\t\t\t\t\t<div class=\"elementor-element elementor-element-f6944e5 elementor-position-top elementor-vertical-align-top elementor-widget elementor-widget-image-box\" data-id=\"f6944e5\" data-element_type=\"widget\" data-widget_type=\"image-box.default\">\n\t\t\t\t<div class=\"elementor-widget-container\">\n\t\t\t<div class=\"elementor-image-box-wrapper\"><figure class=\"elementor-image-box-img\"><a href=\"https:\/\/40x.sedel.ch\/index.php\/weisst-du-noch\"><img src=\"https:\/\/40x.sedel.ch\/wp-content\/uploads\/elementor\/thumbs\/Fyler-Sedel-Logo-Amadee-pouwmom9nve5rlw8q7d95yrq8f4sgqo0lmqzo1ia38.jpg\" title=\"Fyler Sedel Logo Amadee\" alt=\"Fyler Sedel Logo Amadee\" class=\"elementor-animation-pulse\" \/><\/a><\/figure><div class=\"elementor-image-box-content\"><h3 class=\"elementor-image-box-title\"><a href=\"https:\/\/40x.sedel.ch\/index.php\/weisst-du-noch\">Weisst Du noch?<\/a><\/h3><p class=\"elementor-image-box-description\">Ehemaligen Ap\u00e9ro und Konzerte<\/p><\/div><\/div>\t\t<\/div>\n\t\t\t\t<\/div>\n\t\t\t\t\t<\/div>\n\t\t<\/div>\n\t\t\t\t<div class=\"elementor-column elementor-col-20 elementor-inner-column elementor-element elementor-element-6b17363\" data-id=\"6b17363\" data-element_type=\"column\">\n\t\t\t<div class=\"elementor-widget-wrap elementor-element-populated\">\n\t\t\t\t\t\t\t\t<div class=\"elementor-element elementor-element-5d87436 elementor-position-top elementor-vertical-align-top elementor-widget elementor-widget-image-box\" data-id=\"5d87436\" data-element_type=\"widget\" data-widget_type=\"image-box.default\">\n\t\t\t\t<div class=\"elementor-widget-container\">\n\t\t\t<div class=\"elementor-image-box-wrapper\"><figure class=\"elementor-image-box-img\"><a href=\"https:\/\/40x.sedel.ch\/index.php\/die-zelle-rockt\/\"><img src=\"https:\/\/40x.sedel.ch\/wp-content\/uploads\/elementor\/thumbs\/Proberaum40xsedel-pouwmiz8iv6fty4fn4xhr06yo3wl6k1mkuu2sdqn4k.jpg\" title=\"Proberaum40xsedel\" alt=\"Proberaum40xsedel\" class=\"elementor-animation-pulse\" \/><\/a><\/figure><div class=\"elementor-image-box-content\"><h3 class=\"elementor-image-box-title\"><a href=\"https:\/\/40x.sedel.ch\/index.php\/die-zelle-rockt\/\">Jailhouse rockt<\/a><\/h3><p class=\"elementor-image-box-description\">Tag der Offenen T\u00fcren im Sedel<\/p><\/div><\/div>\t\t<\/div>\n\t\t\t\t<\/div>\n\t\t\t\t\t<\/div>\n\t\t<\/div>\n\t\t\t\t<div class=\"elementor-column elementor-col-20 elementor-inner-column elementor-element elementor-element-e09b7c5\" data-id=\"e09b7c5\" data-element_type=\"column\">\n\t\t\t<div class=\"elementor-widget-wrap elementor-element-populated\">\n\t\t\t\t\t\t\t\t<div class=\"elementor-element elementor-element-1044825 elementor-position-top elementor-vertical-align-top elementor-widget elementor-widget-image-box\" data-id=\"1044825\" data-element_type=\"widget\" data-widget_type=\"image-box.default\">\n\t\t\t\t<div class=\"elementor-widget-container\">\n\t\t\t<div class=\"elementor-image-box-wrapper\"><figure class=\"elementor-image-box-img\"><a href=\"https:\/\/40x.sedel.ch\/index.php\/kleines-vorplatz-openair-mit-leech\"><img src=\"https:\/\/40x.sedel.ch\/wp-content\/uploads\/elementor\/thumbs\/leech2-pouwmjx2pp7q5k32hnc4bhyf9hrye95cwzhk9np8yc.jpg\" title=\"leech2\" alt=\"leech2\" class=\"elementor-animation-pulse\" \/><\/a><\/figure><div class=\"elementor-image-box-content\"><h3 class=\"elementor-image-box-title\"><a href=\"https:\/\/40x.sedel.ch\/index.php\/kleines-vorplatz-openair-mit-leech\">Leech Openair<\/a><\/h3><p class=\"elementor-image-box-description\">Unsere Lieblingsband auf dem Vorplatz<\/p><\/div><\/div>\t\t<\/div>\n\t\t\t\t<\/div>\n\t\t\t\t\t<\/div>\n\t\t<\/div>\n\t\t\t\t\t\t\t<\/div>\n\t\t<\/section>\n\t\t\t\t<section class=\"elementor-section elementor-inner-section elementor-element elementor-element-5fcb0cb elementor-section-boxed elementor-section-height-default elementor-section-height-default\" data-id=\"5fcb0cb\" data-element_type=\"section\">\n\t\t\t\t\t\t<div class=\"elementor-container elementor-column-gap-default\">\n\t\t\t\t\t<div class=\"elementor-column elementor-col-20 elementor-inner-column elementor-element elementor-element-60d5344\" data-id=\"60d5344\" data-element_type=\"column\">\n\t\t\t<div class=\"elementor-widget-wrap elementor-element-populated\">\n\t\t\t\t\t\t\t\t<div class=\"elementor-element elementor-element-65aa623 elementor-position-top elementor-vertical-align-top elementor-widget elementor-widget-image-box\" data-id=\"65aa623\" data-element_type=\"widget\" data-widget_type=\"image-box.default\">\n\t\t\t\t<div class=\"elementor-widget-container\">\n\t\t\t<div class=\"elementor-image-box-wrapper\"><figure class=\"elementor-image-box-img\"><a href=\"https:\/\/40x.sedel.ch\/index.php\/25-jahre-thrasher-production\/\"><img src=\"https:\/\/40x.sedel.ch\/wp-content\/uploads\/elementor\/thumbs\/megamoshkopf-pouwmi1ec155ic5ssmiv6ifi2q17yuxw8q6lb3s1as.jpg\" title=\"megamoshkopf\" alt=\"megamoshkopf\" class=\"elementor-animation-pulse\" \/><\/a><\/figure><div class=\"elementor-image-box-content\"><h3 class=\"elementor-image-box-title\"><a href=\"https:\/\/40x.sedel.ch\/index.php\/25-jahre-thrasher-production\/\">25 Jahre Thrasher Production<\/a><\/h3><p class=\"elementor-image-box-description\">Das Megamosh Jubil\u00e4umsfestival<\/p><\/div><\/div>\t\t<\/div>\n\t\t\t\t<\/div>\n\t\t\t\t\t<\/div>\n\t\t<\/div>\n\t\t\t\t<div class=\"elementor-column elementor-col-20 elementor-inner-column elementor-element elementor-element-2a8a732\" data-id=\"2a8a732\" data-element_type=\"column\">\n\t\t\t<div class=\"elementor-widget-wrap elementor-element-populated\">\n\t\t\t\t\t\t\t\t<div class=\"elementor-element elementor-element-bc01891 elementor-position-top elementor-vertical-align-top elementor-widget elementor-widget-image-box\" data-id=\"bc01891\" data-element_type=\"widget\" data-widget_type=\"image-box.default\">\n\t\t\t\t<div class=\"elementor-widget-container\">\n\t\t\t<div class=\"elementor-image-box-wrapper\"><figure class=\"elementor-image-box-img\"><a href=\"https:\/\/40x.sedel.ch\/index.php\/jailhouse-walk\/\"><img src=\"https:\/\/40x.sedel.ch\/wp-content\/uploads\/elementor\/thumbs\/Sedelparade-pouwmkuwwj90h61pc5qqvzpvuvnbly939451qxnus4.jpg\" title=\"Sedelparade\" alt=\"Sedelparade\" class=\"elementor-animation-pulse\" \/><\/a><\/figure><div class=\"elementor-image-box-content\"><h3 class=\"elementor-image-box-title\"><a href=\"https:\/\/40x.sedel.ch\/index.php\/jailhouse-walk\/\">Jailhouse Walk<\/a><\/h3><p class=\"elementor-image-box-description\">Die Jubil\u00e4umsparade<\/p><\/div><\/div>\t\t<\/div>\n\t\t\t\t<\/div>\n\t\t\t\t\t<\/div>\n\t\t<\/div>\n\t\t\t\t<div class=\"elementor-column elementor-col-20 elementor-inner-column elementor-element elementor-element-2b49f6d\" data-id=\"2b49f6d\" data-element_type=\"column\">\n\t\t\t<div class=\"elementor-widget-wrap elementor-element-populated\">\n\t\t\t\t\t\t\t\t<div class=\"elementor-element elementor-element-fd4a115 elementor-position-top elementor-vertical-align-top elementor-widget elementor-widget-image-box\" data-id=\"fd4a115\" data-element_type=\"widget\" data-widget_type=\"image-box.default\">\n\t\t\t\t<div class=\"elementor-widget-container\">\n\t\t\t<div class=\"elementor-image-box-wrapper\"><figure class=\"elementor-image-box-img\"><a href=\"https:\/\/40x.sedel.ch\/index.php\/lucerne-by-night\"><img src=\"https:\/\/40x.sedel.ch\/wp-content\/uploads\/elementor\/thumbs\/lucernebynight-pouwmi1ec155ic5ssmiv6ifi2q17yuxw8q6lb3s1as.jpg\" title=\"lucernebynight\" alt=\"lucernebynight\" class=\"elementor-animation-pulse\" \/><\/a><\/figure><div class=\"elementor-image-box-content\"><h3 class=\"elementor-image-box-title\"><a href=\"https:\/\/40x.sedel.ch\/index.php\/lucerne-by-night\">Lucerne by Night<\/a><\/h3><p class=\"elementor-image-box-description\">Die Jubil\u00e4ums Fotoausstellung<\/p><\/div><\/div>\t\t<\/div>\n\t\t\t\t<\/div>\n\t\t\t\t\t<\/div>\n\t\t<\/div>\n\t\t\t\t<div class=\"elementor-column elementor-col-20 elementor-inner-column elementor-element elementor-element-3a37a00\" data-id=\"3a37a00\" data-element_type=\"column\">\n\t\t\t<div class=\"elementor-widget-wrap elementor-element-populated\">\n\t\t\t\t\t\t\t\t<div class=\"elementor-element elementor-element-eae1a63 elementor-position-top elementor-vertical-align-top elementor-widget elementor-widget-image-box\" data-id=\"eae1a63\" data-element_type=\"widget\" data-widget_type=\"image-box.default\">\n\t\t\t\t<div class=\"elementor-widget-container\">\n\t\t\t<div class=\"elementor-image-box-wrapper\"><figure class=\"elementor-image-box-img\"><a href=\"https:\/\/40x.sedel.ch\/index.php\/der-sedel-rockt-schueuer\/\"><img src=\"https:\/\/40x.sedel.ch\/wp-content\/uploads\/elementor\/thumbs\/Konzert40xsedel-pouwmf7vrj1aji9w93azh154akf4brmp8c84v9w7tg.jpg\" title=\"Konzert40xsedel\" alt=\"Konzert40xsedel\" class=\"elementor-animation-pulse\" \/><\/a><\/figure><div class=\"elementor-image-box-content\"><h3 class=\"elementor-image-box-title\"><a href=\"https:\/\/40x.sedel.ch\/index.php\/der-sedel-rockt-schueuer\/\">Der Sedel rockt <br>@ Sch\u00fc\u00fcr<\/a><\/h3><p class=\"elementor-image-box-description\">Das Jubil\u00e4ums-Spezial<\/p><\/div><\/div>\t\t<\/div>\n\t\t\t\t<\/div>\n\t\t\t\t\t<\/div>\n\t\t<\/div>\n\t\t\t\t<div class=\"elementor-column elementor-col-20 elementor-inner-column elementor-element elementor-element-b586880\" data-id=\"b586880\" data-element_type=\"column\">\n\t\t\t<div class=\"elementor-widget-wrap\">\n\t\t\t\t\t\t\t\t\t<\/div>\n\t\t<\/div>\n\t\t\t\t\t\t\t<\/div>\n\t\t<\/section>\n\t\t\t\t\t<\/div>\n\t\t<\/div>\n\t\t\t\t\t\t\t<\/div>\n\t\t<\/section>\n\t\t\t\t\t\t<\/div>\n\t\t\t\t\t<\/div>\n\t\t","protected":false},"excerpt":{"rendered":"<p>#40XSEDEL \u2013 das Jubil\u00e4um 1981 &#8211; 2021 40 Jahre ILM Sedel; schon l\u00e4ngst Erwachsen, im Herzen noch jung \u2013 verspielt, [&hellip;]<\/p>\n","protected":false},"author":1,"featured_media":0,"parent":0,"menu_order":0,"comment_status":"closed","ping_status":"open","template":"","meta":[],"_links":{"self":[{"href":"https:\/\/40x.sedel.ch\/index.php\/wp-json\/wp\/v2\/pages\/3"}],"collection":[{"href":"https:\/\/40x.sedel.ch\/index.php\/wp-json\/wp\/v2\/pages"}],"about":[{"href":"https:\/\/40x.sedel.ch\/index.php\/wp-json\/wp\/v2\/types\/page"}],"author":[{"embeddable":true,"href":"https:\/\/40x.sedel.ch\/index.php\/wp-json\/wp\/v2\/users\/1"}],"replies":[{"embeddable":true,"href":"https:\/\/40x.sedel.ch\/index.php\/wp-json\/wp\/v2\/comments?post=3"}],"version-history":[{"count":37,"href":"https:\/\/40x.sedel.ch\/index.php\/wp-json\/wp\/v2\/pages\/3\/revisions"}],"predecessor-version":[{"id":1156,"href":"https:\/\/40x.sedel.ch\/index.php\/wp-json\/wp\/v2\/pages\/3\/revisions\/1156"}],"wp:attachment":[{"href":"https:\/\/40x.sedel.ch\/index.php\/wp-json\/wp\/v2\/media?parent=3"}],"curies":[{"name":"wp","href":"https:\/\/api.w.org\/{rel}","templated":true}]}}